r - r - 5*o = 110, 4*r = -2*o + 82. What is the greatest common factor of 14 and r?
7
Let c = -12 - -6. Let l be (4 + 5)*(-4)/c. Let r be (-123)/l*-2 + 3. What is the highest common factor of r and 4?
4
Suppose -3*n = -2*r, -2*n - 3*n = -2*r. Suppose -b - 2*b + 36 = r. Calculate the greatest common factor of 108 and b.
12
Let f = 20 - 10. What is the highest common divisor of 20 and f?
10
Suppose 4*v + 5*h - 4 = h, 7 = -v - 5*h. Let q be 97/v - 2/6. Suppose y - 58 = -2*y - 5*z, 3*y - 4*z = 40. Calculate the highest common factor of y and q.
16
Let v be (11 + -16)/(1/(-22)). Calculate the highest common factor of 10 and v.
10
Suppose -2*n + 358 = 4*q, 4*q - 2*n - 204 = 142. Suppose 3*y - 8 = 2*y. What is the greatest common divisor of q and y?
8
Let k be (-856)/10 + (-6)/15. Let x = -20 - k. What is the highest common factor of 6 and x?
6
Let w = 16 + 9. Let f = w - 1. Calculate the highest common divisor of 36 and f.
12
Let r(h) = -h**2 + 3*h + 44. Let x be r(0). What is the highest common factor of 11 and x?
11
Let m(s) = -s**2 - 9*s + 8. Let c be m(-9). Let v = -322 + 573. Let o = v - 163. Calculate the highest common divisor of o and c.
8
Let s(k) = k - 1. Let r(w) = w**3 + 8*w**2 - 9*w + 2. Let y be r(-9). Let t be s(y). What is the highest common factor of 1 and t?
1
Let u = 26 + -17. Let o = 17 - u. Let r(g) = g**3 - 9*g**2 + 11*g - 8. Let f be r(o). Calculate the greatest common divisor of f and 176.
16
Let y(a) = -a**2 + 12*a - 5. Let k be y(9). What is the highest common factor of 176 and k?
22
Let r(a) = 12*a**2 + a - 2. Let q be r(2). Suppose -x + q = -33. Calculate the highest common divisor of 9 and x.
9
Let t be 4/(-10) + 104/10. Let h be (9/6)/(1/t). Calculate the greatest common divisor of 6 and h.
3
Let y = 5 + 28. Let h be -1 + 10 - (3 - 5). Calculate the greatest common factor of y and h.
11
Let a(k) = 32*k**2 + 6*k - 7. Let n be a(2). Calculate the highest common factor of n and 19.
19
Let z = 10 - -2. Let i(j) = j**2 - 5*j + 3. Let x be i(5). Suppose x*n + k = 2*n + 30, 0 = 4*n + 2*k - 120. What is the greatest common factor of z and n?
6
Suppose -5*r - 4*r + 63 = 0. Calculate the highest common divisor of r and 133.
7
Let m be ((-27)/(-15))/((-3)/(-10)). Suppose x - 15 = m*x. Let p be 3 - ((1 - 23) + x). Calculate the highest common divisor of p and 70.
14
Suppose -2*b + 65 = b + 5*n, -5*n + 5 = -b. What is the greatest common divisor of b and 3?
3
Suppose -x - 1 = 4*a - 4, -4*a = 4*x - 12. Suppose -c = 4, c + 84 = 5*j - a*c. Let n = j - -24. What is the greatest common factor of 10 and n?
10
Suppose 0 = -0*i - 4*i - 16, 3*w + 2*i = 181. Calculate the highest common factor of 7 and w.
7
Let q be 1/2*(1 + 1). Suppose f + q = 3. Let x be (8/10)/(4/50). What is the greatest common divisor of f and x?
2
Suppose 2*w = 5 - 1. Suppose -3 = -b - w. What is the highest common divisor of 11 and b?
1
Suppose 2*v - 3*i - 57 = 2*i, -2*i - 28 = -v. Calculate the highest common factor of v and 130.
26
Let y be 1 + (-3)/3 - -44. What is the highest common factor of 4 and y?
4
Suppose 3*f - 5*b + 17 = 6*f, 5*f - 35 = -5*b. What is the highest common factor of 9 and f?
9
Let i(g) = -4*g - 9. Let o be i(-12). Suppose -5*n = k - 138, k - 9 + o = n. Calculate the highest common divisor of n and 70.
14
Let b(w) = -3*w**3 + 2*w**2 + 3*w. Let q be b(-2). Let o = -51 - -116. What is the highest common divisor of o and q?
13
Suppose 3*v = j + 27, j - 14 = -2*v + 3*j. Calculate the greatest common factor of 1 and v.
1
Let p = -33 + 47. Suppose p = 2*d + 4. What is the highest common divisor of d and 5?
5
Let t(z) = z**2 - 8*z + 5. Let w be t(11). What is the highest common divisor of 57 and w?
19
Suppose -9*v - 67 = -427. What is the greatest common factor of v and 160?
40
Suppose -u - 7 = -q, -3*u - 2*q + 3*q = 19. Let l be u/7*(-11 - 3). Let d(p) = p**2 + 7*p + 6. Let i be d(-7). What is the highest common factor of i and l?
6
Let i be (-16)/28 - 264/(-21). What is the highest common divisor of 3 and i?
3
Suppose -5*a - 13 = 3*u - 54, 0 = -3*u - 9. Let h(b) = b + 3. Suppose -9 + 30 = 3*i. Let g be h(i). What is the highest common divisor of g and a?
10
Suppose -4*z = 2*c - 68, 4*z - 27 = -3*c + 39. Suppose 2*m - 16 = o, 0*m - 2*o = -2*m + 20. Calculate the greatest common divisor of m and z.
6
Suppose 3*i - 36 = -i. What is the greatest common divisor of 27 and i?
9
Let c = -36 - -48. Calculate the greatest common factor of 3 and c.
3
Suppose -2*t - 32 = -6*t. What is the highest common factor of t and 12?
4
Suppose -2*r + 4 + 106 = 0. Let p(f) = 5*f**3 + f**2 - 2*f + 1. Let o be p(1). What is the highest common divisor of r and o?
5
Let k(f) = f + 2. Let d be k(0). Suppose 0 = 3*x - 6*m + 3*m + 372, -x - 136 = d*m. Let t be x/(-9) + 6/(-27). What is the greatest common factor of t and 42?
14
Let i be 2 - 1 - (0 - 19). Let o(l) = l. Let w be 8 + -4 + -3 + 3. Let b be o(w). What is the greatest common divisor of b and i?
4
Let r be (-9)/2*16/(-6). Suppose w = 9 - 5. Suppose 4*o - 236 = w. What is the greatest common factor of r and o?
12
Let y(f) = -2*f - 1. Let w(u) = -2*u - 1. Let h be w(1). Let k be y(h). Calculate the greatest common divisor of k and 20.
5
Suppose -60 = 4*p - 0*p. Let h be (p/20)/((-2)/264). Calculate the greatest common divisor of 11 and h.
11
Let h(o) = -13*o. Let c(k) = k. Let j(p) = -6*c(p) - h(p). Let r = 1 + 1. Let g be j(r). Calculate the highest common factor of 140 and g.
14
Let b(f) = f**2 + 12*f - 14. Let t be b(-14). What is the highest common factor of 35 and t?
7
Let a = 14 - 5. What is the greatest common factor of a and 36?
9
Let l = -16 - -13. Let v = l + 6. Calculate the greatest common divisor of v and 2.
1
Suppose 3*i = l - 73, 3*i - 2*l = i - 46. Suppose 2*q - 70 = 4*q. Let f = i - q. What is the highest common divisor of f and 15?
5
Suppose -3*w = 4*y - 1340, 3*w + y = 569 + 756. What is the highest common factor of w and 40?
40
Let i(v) = v**3 - 8*v**2 + 1. Let w be i(8). Let d = w - -14. What is the highest common divisor of d and 135?
15
Let b be ((-1)/(-2))/(2/(-12)). Let o(g) = -3*g**3 + g**2 - 3*g + 4*g - 3 + 2*g**3. Let f be o(b). What is the highest common divisor of 15 and f?
15
Let h be (-30)/(-135) - (-14)/18. Let g be -1 - -1 - h - -31. Calculate the greatest common factor of g and 10.
10
Let c = 25 + -15. Let p be ((-9)/18)/(2/(-80)). What is the highest common factor of c and p?
10
Suppose q = -4*q + 130. What is the greatest common divisor of 26 and q?
26
Let q(s) = 2*s**2 + 5*s + 2. Let c be q(-4). Let r(g) = 22*g - 1. Let a be r(1). Calculate the greatest common divisor of a and c.
7
Let x = -11 + 16. Suppose x = b - 0*b. Calculate the highest common factor of 1 and b.
1
Let o(q) = 11*q. Let i be o(4). Calculate the highest common divisor of i and 8.
4
Suppose -6*s = 32 + 106. Let l = 3 - s. Suppose 0*y - 26 = -2*y. Calculate the highest common divisor of y and l.
13
Suppose -354 = -3*i - 2*p, -205 - 158 = -3*i + p. Let b = i + -32. What is the highest common divisor of b and 11?
11
Suppose 2*o + 18 = 2*a, -a - 4*o + 0*o - 16 = 0. Suppose 0 = 4*d - 2*d - a. Calculate the greatest common divisor of d and 14.
2
Let s be -1*88/6*-3. What is the greatest common factor of s and 11?
11
Suppose -9 = 2*k - 3. Let b = -8 + 35. Let c be (2/k)/((-2)/b). What is the greatest common factor of 63 and c?
9
Let j be 4 - ((-6)/(-3) - 0). Suppose 9 = -3*h - 6. Let g be (-1 - 1)*h/j. What is the highest common divisor of 2 and g?
1
Suppose -r = -5*j + 251 + 60, 4*j - r = 248. Calculate the greatest common divisor of 7 and j.
7
Let j(z) = -z**3 - z**2 + 2*z - 1. Let f = 8 + -11. Let p be j(f). What is the greatest common divisor of p and 11?
11
Suppose -4*j = -2*p + 49 + 73, -272 = -4*p + j. Suppose -141 = -5*q + 89. Calculate the greatest common factor of p and q.
23
Let h(f) = 8*f**2 + f + 1. Let o be h(-1). Calculate the greatest common factor of 20 and o.
4
Suppose 6 = 2*w - 14. Let f = -139 - -195. Suppose -3*a + 4*g = a - f, -2*a - 3*g + 8 = 0. What is the greatest common divisor of w and a?
10
Suppose 2*h - 5*x - 125 = -34, 4*h = 3*x + 147. Suppose 3*s - 32 + 6 = -j, 3*j - 48 = -3*s. What is the greatest common divisor of h and j?
11
Suppose 2*n - 8 = 12. Calculate the greatest common divisor of 